{"id":30,"date":"2015-07-20T15:17:02","date_gmt":"2015-07-20T15:17:02","guid":{"rendered":"http:\/\/karlsruhe.restaurant-terramare.de\/?page_id=30"},"modified":"2026-04-06T14:06:43","modified_gmt":"2026-04-06T14:06:43","slug":"speisekarte","status":"publish","type":"page","link":"https:\/\/restaurant-terramare.de\/?page_id=30","title":{"rendered":"Speisekarte"},"content":{"rendered":"\n<div class=\"wp-block-group alignfull is-layout-constrained wp-block-group-is-layout-constrained\">\n<div class=\"wp-block-cover alignfull is-light\" style=\"padding-top:var(--wp--preset--spacing--30);padding-right:var(--wp--preset--spacing--30);padding-bottom:var(--wp--preset--spacing--30);padding-left:var(--wp--preset--spacing--30);min-height:554px;aspect-ratio:unset;\"><img loading=\"lazy\" decoding=\"async\" width=\"640\" height=\"427\" class=\"wp-block-cover__image-background wp-image-1441 size-full\" alt=\"\" src=\"https:\/\/restaurant-terramare.de\/wp-content\/uploads\/2026\/01\/Fotolia_56104242_S.jpeg\" style=\"object-position:50% 91%\" data-object-fit=\"cover\" data-object-position=\"50% 91%\" srcset=\"https:\/\/restaurant-terramare.de\/wp-content\/uploads\/2026\/01\/Fotolia_56104242_S.jpeg 640w, https:\/\/restaurant-terramare.de\/wp-content\/uploads\/2026\/01\/Fotolia_56104242_S-500x334.jpeg 500w, https:\/\/restaurant-terramare.de\/wp-content\/uploads\/2026\/01\/Fotolia_56104242_S-600x400.jpeg 600w\" sizes=\"auto, (max-width: 640px) 100vw, 640px\" \/><span aria-hidden=\"true\" class=\"wp-block-cover__background has-black-background-color has-background-dim-0 has-background-dim\"><\/span><div class=\"wp-block-cover__inner-container is-layout-flow wp-block-cover-is-layout-flow\">\n<div class=\"wp-block-group alignwide is-style-default has-base-color has-text-color has-link-color wp-elements-8165fbfffca2248e7f442adf11b4bc4d is-horizontal is-content-justification-center is-layout-flex wp-container-core-group-is-layout-ef5ce59c wp-block-group-is-layout-flex\" id=\"speisekarte-menu\" style=\"min-height:0px\"><nav class=\"has-text-color has-white-color is-responsive items-justified-right menu-header wp-block-navigation is-content-justification-right is-layout-flex wp-container-core-navigation-is-layout-f665d2b5 wp-block-navigation-is-layout-flex\" aria-label=\"Header-Men\u00fc 2\" \n\t\t data-wp-interactive=\"core\/navigation\" data-wp-context='{\"overlayOpenedBy\":{\"click\":false,\"hover\":false,\"focus\":false},\"type\":\"overlay\",\"roleAttribute\":\"\",\"ariaLabel\":\"Men\\u00fc\"}'><button aria-haspopup=\"dialog\" aria-label=\"Men\u00fc \u00f6ffnen\" class=\"wp-block-navigation__responsive-container-open\" \n\t\t\t\tdata-wp-on--click=\"actions.openMenuOnClick\"\n\t\t\t\tdata-wp-on--keydown=\"actions.handleMenuKeydown\"\n\t\t\t><svg width=\"24\" height=\"24\" xmlns=\"http:\/\/www.w3.org\/2000\/svg\" viewBox=\"0 0 24 24\" aria-hidden=\"true\" focusable=\"false\"><path d=\"M4 7.5h16v1.5H4z\"><\/path><path d=\"M4 15h16v1.5H4z\"><\/path><\/svg><\/button>\n\t\t\t\t<div class=\"wp-block-navigation__responsive-container\"  id=\"modal-1\" \n\t\t\t\tdata-wp-class--has-modal-open=\"state.isMenuOpen\"\n\t\t\t\tdata-wp-class--is-menu-open=\"state.isMenuOpen\"\n\t\t\t\tdata-wp-watch=\"callbacks.initMenu\"\n\t\t\t\tdata-wp-on--keydown=\"actions.handleMenuKeydown\"\n\t\t\t\tdata-wp-on--focusout=\"actions.handleMenuFocusout\"\n\t\t\t\ttabindex=\"-1\"\n\t\t\t>\n\t\t\t\t\t<div class=\"wp-block-navigation__responsive-close\" tabindex=\"-1\">\n\t\t\t\t\t\t<div class=\"wp-block-navigation__responsive-dialog\" \n\t\t\t\tdata-wp-bind--aria-modal=\"state.ariaModal\"\n\t\t\t\tdata-wp-bind--aria-label=\"state.ariaLabel\"\n\t\t\t\tdata-wp-bind--role=\"state.roleAttribute\"\n\t\t\t>\n\t\t\t\t\t\t\t<button aria-label=\"Men\u00fc schlie\u00dfen\" class=\"wp-block-navigation__responsive-container-close\" \n\t\t\t\tdata-wp-on--click=\"actions.closeMenuOnClick\"\n\t\t\t><svg xmlns=\"http:\/\/www.w3.org\/2000\/svg\" viewBox=\"0 0 24 24\" width=\"24\" height=\"24\" aria-hidden=\"true\" focusable=\"false\"><path d=\"m13.06 12 6.47-6.47-1.06-1.06L12 10.94 5.53 4.47 4.47 5.53 10.94 12l-6.47 6.47 1.06 1.06L12 13.06l6.47 6.47 1.06-1.06L13.06 12Z\"><\/path><\/svg><\/button>\n\t\t\t\t\t\t\t<div class=\"wp-block-navigation__responsive-container-content\" \n\t\t\t\tdata-wp-watch=\"callbacks.focusFirstElement\"\n\t\t\t id=\"modal-1-content\">\n\t\t\t\t\t\t\t\t<ul class=\"wp-block-navigation__container has-text-color has-white-color is-responsive items-justified-right menu-header wp-block-navigation\"><li class=\" wp-block-navigation-item wp-block-navigation-link\"><a class=\"wp-block-navigation-item__content\"  href=\"https:\/\/restaurant-terramare.de\/\"><span class=\"wp-block-navigation-item__label\"><strong>HOME<\/strong><\/span><\/a><\/li><li class=\" wp-block-navigation-item wp-block-navigation-link\"><a class=\"wp-block-navigation-item__content\"  href=\"https:\/\/restaurant-terramare.de\/?page_id=27\"><span class=\"wp-block-navigation-item__label\"><strong>RESTAURANT<\/strong><\/span><\/a><\/li><li class=\" wp-block-navigation-item wp-block-navigation-link\"><a class=\"wp-block-navigation-item__content\"  href=\"https:\/\/restaurant-terramare.de\/?page_id=30\"><span class=\"wp-block-navigation-item__label\"><strong>SPEISEKARTE<\/strong><\/span><\/a><\/li><li class=\" wp-block-navigation-item wp-block-navigation-link\"><a class=\"wp-block-navigation-item__content\"  href=\"https:\/\/restaurant-terramare.de\/?page_id=1402\"><span class=\"wp-block-navigation-item__label\"><strong>WEINKARTE<\/strong><\/span><\/a><\/li><li class=\" wp-block-navigation-item wp-block-navigation-link\"><a class=\"wp-block-navigation-item__content\"  href=\"https:\/\/restaurant-terramare.de\/?page_id=1014\"><span class=\"wp-block-navigation-item__label\"><strong>CATERING<\/strong><\/span><\/a><\/li><li class=\" wp-block-navigation-item wp-block-navigation-link\"><a class=\"wp-block-navigation-item__content\"  href=\"https:\/\/restaurant-terramare.de\/?page_id=1248\"><span class=\"wp-block-navigation-item__label\"><strong>KONTAKT<\/strong><\/span><\/a><\/li><\/ul>\n\t\t\t\t\t\t\t<\/div>\n\t\t\t\t\t\t<\/div>\n\t\t\t\t\t<\/div>\n\t\t\t\t<\/div><\/nav><\/div>\n\n\n\n<div style=\"height:316px\" aria-hidden=\"true\" class=\"wp-block-spacer\"><\/div>\n\n\n<style>.ablocks-block-e70b0eb7-74a1-47d1-9b72-270a21e1dddc { position:relative;transition:border 0s ease,background 0s ease,box-shadow 0s ease; } .ablocks-block-e70b0eb7-74a1-47d1-9b72-270a21e1dddc { text-align:center; } .ablocks-block-e70b0eb7-74a1-47d1-9b72-270a21e1dddc .ablocks-heading-text { color:#ffffff;font-family:Oswald,sans-serif; } @media screen and (max-width: 800px) { .ablocks-block-e70b0eb7-74a1-47d1-9b72-270a21e1dddc .ablocks-heading-text { font-family:Oswald; } } <\/style>\n<div class=\"ablocks-block ablocks-block-e70b0eb7-74a1-47d1-9b72-270a21e1dddc ablocks-block--heading\"><h2 class=\"ablocks-heading-text\">SPEISEKARTE<\/h2><\/div>\n<\/div><\/div>\n<\/div>\n\n\n<style>.ablocks-block-667b5d41-6012-4cc0-9265-8c7e50b722d2 { position:relative;transition:border 0s ease,background 0s ease,box-shadow 0s ease; } <\/style>\n<div class=\"ablocks-block ablocks-block-667b5d41-6012-4cc0-9265-8c7e50b722d2 ablocks-block--spacer\"><div class=\"ablocks-spacer__box\" style=\"height:0px;width:100%\"><\/div><\/div>\n\n\n\n<div class=\"wp-block-cover\" style=\"min-height:321px;aspect-ratio:unset;\"><span aria-hidden=\"true\" class=\"wp-block-cover__background has-custom-block-background-color has-background-dim-100 has-background-dim\"><\/span><div class=\"wp-block-cover__inner-container is-layout-constrained wp-block-cover-is-layout-constrained\"><style>.gb-69e3707b07393{font-size: clamp(22px,4.2vw,24px);}@media only screen and (max-width: 600px) {.gb-69e3707b07393{font-size: clamp(18px,1.6vw,20px)!important;line-height: 1.3!important;}}<\/style>\n<p class=\"gb-69e3707b07393 has-text-align-center has-content-heading-font-size\" style=\"line-height:1.7\">Nehmen Sie sich einen Moment Zeit und bl\u00e4ttern Sie durch unsere Speisekarte \u2013 vom Mittagstisch \u00fcber K\u00f6stlichkeiten vom Grill und aus der Pfanne bis hin zu vielf\u00e4ltigen Tapas, vegetarischen Gerichten und s\u00fc\u00dfen Desserts.<\/p>\n<\/div><\/div>\n\n\n<div class=\"real3dflipbook\" id=\"9_69e3707b170f4\" style=\"position:absolute;\"><\/div>\n","protected":false},"excerpt":{"rendered":"","protected":false},"author":1,"featured_media":1063,"parent":0,"menu_order":0,"comment_status":"open","ping_status":"open","template":"","meta":{"footnotes":""},"class_list":["post-30","page","type-page","status-publish","has-post-thumbnail","hentry"],"yoast_head":"<!-- This site is optimized with the Yoast SEO plugin v27.4 - https:\/\/yoast.com\/product\/yoast-seo-wordpress\/ -->\n<title>Speisekarte -<\/title>\n<meta name=\"description\" content=\"Exquisite und frische Zutaten versprechen einen k\u00f6stlichen Genuss. Ein kleinen Vorgeschmack bietet die Speisekarte. Lassen Sie sich verw\u00f6hnen.\" \/>\n<meta name=\"robots\" content=\"noindex, follow, max-snippet:-1, max-image-preview:large, max-video-preview:-1\" \/>\n<meta property=\"og:locale\" content=\"de_DE\" \/>\n<meta property=\"og:type\" content=\"article\" \/>\n<meta property=\"og:title\" content=\"Speisekarte -\" \/>\n<meta property=\"og:description\" content=\"Exquisite und frische Zutaten versprechen einen k\u00f6stlichen Genuss. Ein kleinen Vorgeschmack bietet die Speisekarte. Lassen Sie sich verw\u00f6hnen.\" \/>\n<meta property=\"og:url\" content=\"https:\/\/restaurant-terramare.de\/?page_id=30\" \/>\n<meta property=\"article:publisher\" content=\"https:\/\/www.facebook.com\/restaurantterramare\/timeline\" \/>\n<meta property=\"article:modified_time\" content=\"2026-04-06T14:06:43+00:00\" \/>\n<meta property=\"og:image\" content=\"https:\/\/restaurant-terramare.de\/wp-content\/uploads\/2025\/12\/170c7894c0f1441f9ace755e89b0033eID2knoxka4v1aATK-0-1024x681.png\" \/>\n\t<meta property=\"og:image:width\" content=\"1024\" \/>\n\t<meta property=\"og:image:height\" content=\"681\" \/>\n\t<meta property=\"og:image:type\" content=\"image\/png\" \/>\n<meta name=\"twitter:card\" content=\"summary_large_image\" \/>\n<meta name=\"twitter:label1\" content=\"Gesch\u00e4tzte Lesezeit\" \/>\n\t<meta name=\"twitter:data1\" content=\"1\u00a0Minute\" \/>\n<script type=\"application\/ld+json\" class=\"yoast-schema-graph\">{\"@context\":\"https:\\\/\\\/schema.org\",\"@graph\":[{\"@type\":\"WebPage\",\"@id\":\"https:\\\/\\\/restaurant-terramare.de\\\/?page_id=30\",\"url\":\"https:\\\/\\\/restaurant-terramare.de\\\/?page_id=30\",\"name\":\"Speisekarte -\",\"isPartOf\":{\"@id\":\"https:\\\/\\\/restaurant-terramare.de\\\/#website\"},\"primaryImageOfPage\":{\"@id\":\"https:\\\/\\\/restaurant-terramare.de\\\/?page_id=30#primaryimage\"},\"image\":{\"@id\":\"https:\\\/\\\/restaurant-terramare.de\\\/?page_id=30#primaryimage\"},\"thumbnailUrl\":\"https:\\\/\\\/restaurant-terramare.de\\\/wp-content\\\/uploads\\\/2025\\\/12\\\/170c7894c0f1441f9ace755e89b0033eID2knoxka4v1aATK-0-scaled.png\",\"datePublished\":\"2015-07-20T15:17:02+00:00\",\"dateModified\":\"2026-04-06T14:06:43+00:00\",\"description\":\"Exquisite und frische Zutaten versprechen einen k\u00f6stlichen Genuss. Ein kleinen Vorgeschmack bietet die Speisekarte. Lassen Sie sich verw\u00f6hnen.\",\"breadcrumb\":{\"@id\":\"https:\\\/\\\/restaurant-terramare.de\\\/?page_id=30#breadcrumb\"},\"inLanguage\":\"de\",\"potentialAction\":[{\"@type\":\"ReadAction\",\"target\":[\"https:\\\/\\\/restaurant-terramare.de\\\/?page_id=30\"]}]},{\"@type\":\"ImageObject\",\"inLanguage\":\"de\",\"@id\":\"https:\\\/\\\/restaurant-terramare.de\\\/?page_id=30#primaryimage\",\"url\":\"https:\\\/\\\/restaurant-terramare.de\\\/wp-content\\\/uploads\\\/2025\\\/12\\\/170c7894c0f1441f9ace755e89b0033eID2knoxka4v1aATK-0-scaled.png\",\"contentUrl\":\"https:\\\/\\\/restaurant-terramare.de\\\/wp-content\\\/uploads\\\/2025\\\/12\\\/170c7894c0f1441f9ace755e89b0033eID2knoxka4v1aATK-0-scaled.png\",\"width\":2560,\"height\":1703,\"caption\":\"Speisekarte Terra Mare\"},{\"@type\":\"BreadcrumbList\",\"@id\":\"https:\\\/\\\/restaurant-terramare.de\\\/?page_id=30#breadcrumb\",\"itemListElement\":[{\"@type\":\"ListItem\",\"position\":1,\"name\":\"Home\",\"item\":\"https:\\\/\\\/restaurant-terramare.de\\\/\"},{\"@type\":\"ListItem\",\"position\":2,\"name\":\"Speisekarte\"}]},{\"@type\":\"WebSite\",\"@id\":\"https:\\\/\\\/restaurant-terramare.de\\\/#website\",\"url\":\"https:\\\/\\\/restaurant-terramare.de\\\/\",\"name\":\"\",\"description\":\"Mediterrane K\u00fcche NEU\",\"potentialAction\":[{\"@type\":\"SearchAction\",\"target\":{\"@type\":\"EntryPoint\",\"urlTemplate\":\"https:\\\/\\\/restaurant-terramare.de\\\/?s={search_term_string}\"},\"query-input\":{\"@type\":\"PropertyValueSpecification\",\"valueRequired\":true,\"valueName\":\"search_term_string\"}}],\"inLanguage\":\"de\"}]}<\/script>\n<!-- \/ Yoast SEO plugin. -->","yoast_head_json":{"title":"Speisekarte -","description":"Exquisite und frische Zutaten versprechen einen k\u00f6stlichen Genuss. Ein kleinen Vorgeschmack bietet die Speisekarte. Lassen Sie sich verw\u00f6hnen.","robots":{"index":"noindex","follow":"follow","max-snippet":"max-snippet:-1","max-image-preview":"max-image-preview:large","max-video-preview":"max-video-preview:-1"},"og_locale":"de_DE","og_type":"article","og_title":"Speisekarte -","og_description":"Exquisite und frische Zutaten versprechen einen k\u00f6stlichen Genuss. Ein kleinen Vorgeschmack bietet die Speisekarte. Lassen Sie sich verw\u00f6hnen.","og_url":"https:\/\/restaurant-terramare.de\/?page_id=30","article_publisher":"https:\/\/www.facebook.com\/restaurantterramare\/timeline","article_modified_time":"2026-04-06T14:06:43+00:00","og_image":[{"width":1024,"height":681,"url":"https:\/\/restaurant-terramare.de\/wp-content\/uploads\/2025\/12\/170c7894c0f1441f9ace755e89b0033eID2knoxka4v1aATK-0-1024x681.png","type":"image\/png"}],"twitter_card":"summary_large_image","twitter_misc":{"Gesch\u00e4tzte Lesezeit":"1\u00a0Minute"},"schema":{"@context":"https:\/\/schema.org","@graph":[{"@type":"WebPage","@id":"https:\/\/restaurant-terramare.de\/?page_id=30","url":"https:\/\/restaurant-terramare.de\/?page_id=30","name":"Speisekarte -","isPartOf":{"@id":"https:\/\/restaurant-terramare.de\/#website"},"primaryImageOfPage":{"@id":"https:\/\/restaurant-terramare.de\/?page_id=30#primaryimage"},"image":{"@id":"https:\/\/restaurant-terramare.de\/?page_id=30#primaryimage"},"thumbnailUrl":"https:\/\/restaurant-terramare.de\/wp-content\/uploads\/2025\/12\/170c7894c0f1441f9ace755e89b0033eID2knoxka4v1aATK-0-scaled.png","datePublished":"2015-07-20T15:17:02+00:00","dateModified":"2026-04-06T14:06:43+00:00","description":"Exquisite und frische Zutaten versprechen einen k\u00f6stlichen Genuss. Ein kleinen Vorgeschmack bietet die Speisekarte. Lassen Sie sich verw\u00f6hnen.","breadcrumb":{"@id":"https:\/\/restaurant-terramare.de\/?page_id=30#breadcrumb"},"inLanguage":"de","potentialAction":[{"@type":"ReadAction","target":["https:\/\/restaurant-terramare.de\/?page_id=30"]}]},{"@type":"ImageObject","inLanguage":"de","@id":"https:\/\/restaurant-terramare.de\/?page_id=30#primaryimage","url":"https:\/\/restaurant-terramare.de\/wp-content\/uploads\/2025\/12\/170c7894c0f1441f9ace755e89b0033eID2knoxka4v1aATK-0-scaled.png","contentUrl":"https:\/\/restaurant-terramare.de\/wp-content\/uploads\/2025\/12\/170c7894c0f1441f9ace755e89b0033eID2knoxka4v1aATK-0-scaled.png","width":2560,"height":1703,"caption":"Speisekarte Terra Mare"},{"@type":"BreadcrumbList","@id":"https:\/\/restaurant-terramare.de\/?page_id=30#breadcrumb","itemListElement":[{"@type":"ListItem","position":1,"name":"Home","item":"https:\/\/restaurant-terramare.de\/"},{"@type":"ListItem","position":2,"name":"Speisekarte"}]},{"@type":"WebSite","@id":"https:\/\/restaurant-terramare.de\/#website","url":"https:\/\/restaurant-terramare.de\/","name":"","description":"Mediterrane K\u00fcche NEU","potentialAction":[{"@type":"SearchAction","target":{"@type":"EntryPoint","urlTemplate":"https:\/\/restaurant-terramare.de\/?s={search_term_string}"},"query-input":{"@type":"PropertyValueSpecification","valueRequired":true,"valueName":"search_term_string"}}],"inLanguage":"de"}]}},"featured_image_src":"https:\/\/restaurant-terramare.de\/wp-content\/uploads\/2025\/12\/170c7894c0f1441f9ace755e89b0033eID2knoxka4v1aATK-0-600x400.png","featured_image_src_square":"https:\/\/restaurant-terramare.de\/wp-content\/uploads\/2025\/12\/170c7894c0f1441f9ace755e89b0033eID2knoxka4v1aATK-0-600x600.png","_links":{"self":[{"href":"https:\/\/restaurant-terramare.de\/index.php?rest_route=\/wp\/v2\/pages\/30","targetHints":{"allow":["GET"]}}],"collection":[{"href":"https:\/\/restaurant-terramare.de\/index.php?rest_route=\/wp\/v2\/pages"}],"about":[{"href":"https:\/\/restaurant-terramare.de\/index.php?rest_route=\/wp\/v2\/types\/page"}],"author":[{"embeddable":true,"href":"https:\/\/restaurant-terramare.de\/index.php?rest_route=\/wp\/v2\/users\/1"}],"replies":[{"embeddable":true,"href":"https:\/\/restaurant-terramare.de\/index.php?rest_route=%2Fwp%2Fv2%2Fcomments&post=30"}],"version-history":[{"count":208,"href":"https:\/\/restaurant-terramare.de\/index.php?rest_route=\/wp\/v2\/pages\/30\/revisions"}],"predecessor-version":[{"id":1558,"href":"https:\/\/restaurant-terramare.de\/index.php?rest_route=\/wp\/v2\/pages\/30\/revisions\/1558"}],"wp:featuredmedia":[{"embeddable":true,"href":"https:\/\/restaurant-terramare.de\/index.php?rest_route=\/wp\/v2\/media\/1063"}],"wp:attachment":[{"href":"https:\/\/restaurant-terramare.de\/index.php?rest_route=%2Fwp%2Fv2%2Fmedia&parent=30"}],"curies":[{"name":"wp","href":"https:\/\/api.w.org\/{rel}","templated":true}]}}