{"id":1014,"date":"2025-12-20T13:40:38","date_gmt":"2025-12-20T13:40:38","guid":{"rendered":"https:\/\/restaurant-terramare.de\/?page_id=1014"},"modified":"2026-01-25T17:29:22","modified_gmt":"2026-01-25T17:29:22","slug":"catering","status":"publish","type":"page","link":"https:\/\/restaurant-terramare.de\/?page_id=1014","title":{"rendered":"Catering"},"content":{"rendered":"\n<div class=\"wp-block-group alignfull is-layout-constrained wp-block-group-is-layout-constrained\">\n<div class=\"wp-block-cover alignfull is-light\" style=\"padding-top:var(--wp--preset--spacing--30);padding-right:var(--wp--preset--spacing--30);padding-bottom:var(--wp--preset--spacing--30);padding-left:var(--wp--preset--spacing--30);min-height:541px;aspect-ratio:unset;\"><img loading=\"lazy\" decoding=\"async\" width=\"640\" height=\"427\" class=\"wp-block-cover__image-background wp-image-1441 size-full\" alt=\"\" src=\"https:\/\/restaurant-terramare.de\/wp-content\/uploads\/2026\/01\/Fotolia_56104242_S.jpeg\" style=\"object-position:52% 91%\" data-object-fit=\"cover\" data-object-position=\"52% 91%\" srcset=\"https:\/\/restaurant-terramare.de\/wp-content\/uploads\/2026\/01\/Fotolia_56104242_S.jpeg 640w, https:\/\/restaurant-terramare.de\/wp-content\/uploads\/2026\/01\/Fotolia_56104242_S-500x334.jpeg 500w, https:\/\/restaurant-terramare.de\/wp-content\/uploads\/2026\/01\/Fotolia_56104242_S-600x400.jpeg 600w\" sizes=\"auto, (max-width: 640px) 100vw, 640px\" \/><span aria-hidden=\"true\" class=\"wp-block-cover__background has-black-background-color has-background-dim-0 has-background-dim\"><\/span><div class=\"wp-block-cover__inner-container is-layout-flow wp-block-cover-is-layout-flow\">\n<div class=\"wp-block-group alignwide is-style-default has-base-color has-text-color has-link-color wp-elements-1f99817665347bcc74db5f7716935bad is-content-justification-center is-layout-flex wp-container-core-group-is-layout-5705b2a3 wp-block-group-is-layout-flex\" style=\"margin-top:var(--wp--preset--spacing--60);margin-bottom:var(--wp--preset--spacing--60)\"><nav class=\"has-text-color has-white-color is-responsive items-justified-center wp-block-navigation is-content-justification-center is-layout-flex wp-container-core-navigation-is-layout-64ede673 wp-block-navigation-is-layout-flex\" aria-label=\"Header-Men\u00fc 2\" \n\t\t data-wp-interactive=\"core\/navigation\" data-wp-context='{\"overlayOpenedBy\":{\"click\":false,\"hover\":false,\"focus\":false},\"type\":\"overlay\",\"roleAttribute\":\"\",\"ariaLabel\":\"Men\\u00fc\"}'><button aria-haspopup=\"dialog\" aria-label=\"Men\u00fc \u00f6ffnen\" class=\"wp-block-navigation__responsive-container-open\" \n\t\t\t\tdata-wp-on--click=\"actions.openMenuOnClick\"\n\t\t\t\tdata-wp-on--keydown=\"actions.handleMenuKeydown\"\n\t\t\t><svg width=\"24\" height=\"24\" xmlns=\"http:\/\/www.w3.org\/2000\/svg\" viewBox=\"0 0 24 24\" aria-hidden=\"true\" focusable=\"false\"><path d=\"M4 7.5h16v1.5H4z\"><\/path><path d=\"M4 15h16v1.5H4z\"><\/path><\/svg><\/button>\n\t\t\t\t<div class=\"wp-block-navigation__responsive-container\"  id=\"modal-1\" \n\t\t\t\tdata-wp-class--has-modal-open=\"state.isMenuOpen\"\n\t\t\t\tdata-wp-class--is-menu-open=\"state.isMenuOpen\"\n\t\t\t\tdata-wp-watch=\"callbacks.initMenu\"\n\t\t\t\tdata-wp-on--keydown=\"actions.handleMenuKeydown\"\n\t\t\t\tdata-wp-on--focusout=\"actions.handleMenuFocusout\"\n\t\t\t\ttabindex=\"-1\"\n\t\t\t>\n\t\t\t\t\t<div class=\"wp-block-navigation__responsive-close\" tabindex=\"-1\">\n\t\t\t\t\t\t<div class=\"wp-block-navigation__responsive-dialog\" \n\t\t\t\tdata-wp-bind--aria-modal=\"state.ariaModal\"\n\t\t\t\tdata-wp-bind--aria-label=\"state.ariaLabel\"\n\t\t\t\tdata-wp-bind--role=\"state.roleAttribute\"\n\t\t\t>\n\t\t\t\t\t\t\t<button aria-label=\"Men\u00fc schlie\u00dfen\" class=\"wp-block-navigation__responsive-container-close\" \n\t\t\t\tdata-wp-on--click=\"actions.closeMenuOnClick\"\n\t\t\t><svg xmlns=\"http:\/\/www.w3.org\/2000\/svg\" viewBox=\"0 0 24 24\" width=\"24\" height=\"24\" aria-hidden=\"true\" focusable=\"false\"><path d=\"m13.06 12 6.47-6.47-1.06-1.06L12 10.94 5.53 4.47 4.47 5.53 10.94 12l-6.47 6.47 1.06 1.06L12 13.06l6.47 6.47 1.06-1.06L13.06 12Z\"><\/path><\/svg><\/button>\n\t\t\t\t\t\t\t<div class=\"wp-block-navigation__responsive-container-content\" \n\t\t\t\tdata-wp-watch=\"callbacks.focusFirstElement\"\n\t\t\t id=\"modal-1-content\">\n\t\t\t\t\t\t\t\t<ul class=\"wp-block-navigation__container has-text-color has-white-color is-responsive items-justified-center wp-block-navigation\"><li class=\" wp-block-navigation-item wp-block-navigation-link\"><a class=\"wp-block-navigation-item__content\"  href=\"https:\/\/restaurant-terramare.de\/\"><span class=\"wp-block-navigation-item__label\"><strong>HOME<\/strong><\/span><\/a><\/li><li class=\" wp-block-navigation-item wp-block-navigation-link\"><a class=\"wp-block-navigation-item__content\"  href=\"https:\/\/restaurant-terramare.de\/?page_id=27\"><span class=\"wp-block-navigation-item__label\"><strong>RESTAURANT<\/strong><\/span><\/a><\/li><li class=\" wp-block-navigation-item wp-block-navigation-link\"><a class=\"wp-block-navigation-item__content\"  href=\"https:\/\/restaurant-terramare.de\/?page_id=30\"><span class=\"wp-block-navigation-item__label\"><strong>SPEISEKARTE<\/strong><\/span><\/a><\/li><li class=\" wp-block-navigation-item wp-block-navigation-link\"><a class=\"wp-block-navigation-item__content\"  href=\"https:\/\/restaurant-terramare.de\/?page_id=1402\"><span class=\"wp-block-navigation-item__label\"><strong>WEINKARTE<\/strong><\/span><\/a><\/li><li class=\" wp-block-navigation-item wp-block-navigation-link\"><a class=\"wp-block-navigation-item__content\"  href=\"https:\/\/restaurant-terramare.de\/?page_id=1014\"><span class=\"wp-block-navigation-item__label\"><strong>CATERING<\/strong><\/span><\/a><\/li><li class=\" wp-block-navigation-item wp-block-navigation-link\"><a class=\"wp-block-navigation-item__content\"  href=\"https:\/\/restaurant-terramare.de\/?page_id=1248\"><span class=\"wp-block-navigation-item__label\"><strong>KONTAKT<\/strong><\/span><\/a><\/li><\/ul>\n\t\t\t\t\t\t\t<\/div>\n\t\t\t\t\t\t<\/div>\n\t\t\t\t\t<\/div>\n\t\t\t\t<\/div><\/nav><\/div>\n\n\n\n<div style=\"height:302px\" aria-hidden=\"true\" class=\"wp-block-spacer\"><\/div>\n\n\n<style>.ablocks-block-3abb04bc-9e25-4ac2-9329-c67c3629995e { position:relative;transition:border 0s ease,background 0s ease,box-shadow 0s ease; } .ablocks-block-3abb04bc-9e25-4ac2-9329-c67c3629995e { text-align:center; } .ablocks-block-3abb04bc-9e25-4ac2-9329-c67c3629995e .ablocks-heading-text { color:#ffffff;font-family:Oswald,sans-serif; } @media screen and (max-width: 800px) { .ablocks-block-3abb04bc-9e25-4ac2-9329-c67c3629995e .ablocks-heading-text { font-family:Oswald; } } <\/style>\n<div class=\"ablocks-block ablocks-block-3abb04bc-9e25-4ac2-9329-c67c3629995e ablocks-block--heading\"><h1 class=\"ablocks-heading-text\">CATERING<\/h1><\/div>\n\n\n\n<h2 class=\"wp-block-heading\"><\/h2>\n\n\n\n<h2 class=\"wp-block-heading\"><\/h2>\n\n\n\n<h2 class=\"wp-block-heading\"><\/h2>\n<\/div><\/div>\n<\/div>\n\n\n<style>.ablocks-block-72a14941-d33a-4d41-9296-6f13d2941764 { position:relative;transition:border 0s ease,background 0s ease,box-shadow 0s ease; } .ablocks-block-72a14941-d33a-4d41-9296-6f13d2941764 .ablocks-spacer__box { height:27px!important; } <\/style>\n<div class=\"ablocks-block ablocks-block-72a14941-d33a-4d41-9296-6f13d2941764 ablocks-block--spacer\"><div class=\"ablocks-spacer__box\" style=\"height:27px;width:100%\"><\/div><\/div>\n\n\n\n<div class=\"wp-block-cover\" style=\"min-height:455px;aspect-ratio:unset;\"><span aria-hidden=\"true\" class=\"wp-block-cover__background has-custom-block-background-color has-background-dim-100 has-background-dim\"><\/span><div class=\"wp-block-cover__inner-container is-layout-constrained wp-block-cover-is-layout-constrained\">\n<p class=\"has-text-align-center has-upper-heading-font-size\"><strong><strong>Catering f\u00fcr Veranstaltungen<\/strong><\/strong><\/p>\n\n\n\n<p class=\"has-text-align-center has-normal-font-size\">Bringen Sie den unverwechselbaren griechischen und spanischen Flair direkt zu Ihrer Veranstaltung.<br>Ob Geburtstag, Firmenfeier oder Familienfest \u2013 wir verw\u00f6hnen Sie und Ihre G\u00e4ste mit k\u00f6stlicher mediterraner K\u00fcche, frisch und mit viel Liebe zubereitet. Gerne sorgen wir daf\u00fcr, dass Ihr Event auch kulinarisch zu einem besonderen Erlebnis wird.<\/p>\n\n\n\n<p class=\"has-text-align-center has-normal-font-size\">Kontaktieren Sie uns f\u00fcr Ihre individuelle Catering-Anfrage gerne per E-Mail unter<br><a href=\"mailto:catering@restaurant-terramare.de\">catering@restaurant-terramare.de<\/a><\/p>\n\n\n\n<p class=\"has-text-align-center has-small-font-size\" style=\"padding-top:0;padding-bottom:0\">Ab 20 Personen liefern wir gerne.<br>F\u00fcr kleinere Bestellungen ist eine Abholung m\u00f6glich.<\/p>\n<\/div><\/div>\n\n\n<style>.ablocks-block-fe34118e-837e-4f93-83d5-71bf3f21abb0 { position:relative;transition:border 0s ease,background 0s ease,box-shadow 0s ease; } .ablocks-block-fe34118e-837e-4f93-83d5-71bf3f21abb0 .ablocks-spacer__box { height:27px!important; } <\/style>\n<div class=\"ablocks-block ablocks-block-fe34118e-837e-4f93-83d5-71bf3f21abb0 ablocks-block--spacer\"><div class=\"ablocks-spacer__box\" style=\"height:27px;width:100%\"><\/div><\/div>\n","protected":false},"excerpt":{"rendered":"","protected":false},"author":1,"featured_media":0,"parent":0,"menu_order":0,"comment_status":"closed","ping_status":"closed","template":"","meta":{"footnotes":""},"class_list":["post-1014","page","type-page","status-publish","hentry"],"yoast_head":"<!-- This site is optimized with the Yoast SEO plugin v27.4 - https:\/\/yoast.com\/product\/yoast-seo-wordpress\/ -->\n<title>Catering -<\/title>\n<meta name=\"robots\" content=\"noindex, follow, max-snippet:-1, max-image-preview:large, max-video-preview:-1\" \/>\n<meta property=\"og:locale\" content=\"de_DE\" \/>\n<meta property=\"og:type\" content=\"article\" \/>\n<meta property=\"og:title\" content=\"Catering -\" \/>\n<meta property=\"og:url\" content=\"https:\/\/restaurant-terramare.de\/?page_id=1014\" \/>\n<meta property=\"article:publisher\" content=\"https:\/\/www.facebook.com\/restaurantterramare\/timeline\" \/>\n<meta property=\"article:modified_time\" content=\"2026-01-25T17:29:22+00:00\" \/>\n<meta property=\"og:image\" content=\"https:\/\/restaurant-terramare.de\/wp-content\/uploads\/2026\/01\/Fotolia_56104242_S.jpeg\" \/>\n\t<meta property=\"og:image:width\" content=\"640\" \/>\n\t<meta property=\"og:image:height\" content=\"427\" \/>\n\t<meta property=\"og:image:type\" content=\"image\/jpeg\" \/>\n<meta name=\"twitter:card\" content=\"summary_large_image\" \/>\n<meta name=\"twitter:label1\" content=\"Gesch\u00e4tzte Lesezeit\" \/>\n\t<meta name=\"twitter:data1\" content=\"1\u00a0Minute\" \/>\n<script type=\"application\/ld+json\" class=\"yoast-schema-graph\">{\"@context\":\"https:\\\/\\\/schema.org\",\"@graph\":[{\"@type\":\"WebPage\",\"@id\":\"https:\\\/\\\/restaurant-terramare.de\\\/?page_id=1014\",\"url\":\"https:\\\/\\\/restaurant-terramare.de\\\/?page_id=1014\",\"name\":\"Catering -\",\"isPartOf\":{\"@id\":\"https:\\\/\\\/restaurant-terramare.de\\\/#website\"},\"primaryImageOfPage\":{\"@id\":\"https:\\\/\\\/restaurant-terramare.de\\\/?page_id=1014#primaryimage\"},\"image\":{\"@id\":\"https:\\\/\\\/restaurant-terramare.de\\\/?page_id=1014#primaryimage\"},\"thumbnailUrl\":\"https:\\\/\\\/restaurant-terramare.de\\\/wp-content\\\/uploads\\\/2026\\\/01\\\/Fotolia_56104242_S.jpeg\",\"datePublished\":\"2025-12-20T13:40:38+00:00\",\"dateModified\":\"2026-01-25T17:29:22+00:00\",\"breadcrumb\":{\"@id\":\"https:\\\/\\\/restaurant-terramare.de\\\/?page_id=1014#breadcrumb\"},\"inLanguage\":\"de\",\"potentialAction\":[{\"@type\":\"ReadAction\",\"target\":[\"https:\\\/\\\/restaurant-terramare.de\\\/?page_id=1014\"]}]},{\"@type\":\"ImageObject\",\"inLanguage\":\"de\",\"@id\":\"https:\\\/\\\/restaurant-terramare.de\\\/?page_id=1014#primaryimage\",\"url\":\"https:\\\/\\\/restaurant-terramare.de\\\/wp-content\\\/uploads\\\/2026\\\/01\\\/Fotolia_56104242_S.jpeg\",\"contentUrl\":\"https:\\\/\\\/restaurant-terramare.de\\\/wp-content\\\/uploads\\\/2026\\\/01\\\/Fotolia_56104242_S.jpeg\",\"width\":640,\"height\":427,\"caption\":\"Green olive branch and a spoon full of oil on the wooden table\"},{\"@type\":\"BreadcrumbList\",\"@id\":\"https:\\\/\\\/restaurant-terramare.de\\\/?page_id=1014#breadcrumb\",\"itemListElement\":[{\"@type\":\"ListItem\",\"position\":1,\"name\":\"Home\",\"item\":\"https:\\\/\\\/restaurant-terramare.de\\\/\"},{\"@type\":\"ListItem\",\"position\":2,\"name\":\"Catering\"}]},{\"@type\":\"WebSite\",\"@id\":\"https:\\\/\\\/restaurant-terramare.de\\\/#website\",\"url\":\"https:\\\/\\\/restaurant-terramare.de\\\/\",\"name\":\"\",\"description\":\"Mediterrane K\u00fcche NEU\",\"potentialAction\":[{\"@type\":\"SearchAction\",\"target\":{\"@type\":\"EntryPoint\",\"urlTemplate\":\"https:\\\/\\\/restaurant-terramare.de\\\/?s={search_term_string}\"},\"query-input\":{\"@type\":\"PropertyValueSpecification\",\"valueRequired\":true,\"valueName\":\"search_term_string\"}}],\"inLanguage\":\"de\"}]}<\/script>\n<!-- \/ Yoast SEO plugin. -->","yoast_head_json":{"title":"Catering -","robots":{"index":"noindex","follow":"follow","max-snippet":"max-snippet:-1","max-image-preview":"max-image-preview:large","max-video-preview":"max-video-preview:-1"},"og_locale":"de_DE","og_type":"article","og_title":"Catering -","og_url":"https:\/\/restaurant-terramare.de\/?page_id=1014","article_publisher":"https:\/\/www.facebook.com\/restaurantterramare\/timeline","article_modified_time":"2026-01-25T17:29:22+00:00","og_image":[{"width":640,"height":427,"url":"https:\/\/restaurant-terramare.de\/wp-content\/uploads\/2026\/01\/Fotolia_56104242_S.jpeg","type":"image\/jpeg"}],"twitter_card":"summary_large_image","twitter_misc":{"Gesch\u00e4tzte Lesezeit":"1\u00a0Minute"},"schema":{"@context":"https:\/\/schema.org","@graph":[{"@type":"WebPage","@id":"https:\/\/restaurant-terramare.de\/?page_id=1014","url":"https:\/\/restaurant-terramare.de\/?page_id=1014","name":"Catering -","isPartOf":{"@id":"https:\/\/restaurant-terramare.de\/#website"},"primaryImageOfPage":{"@id":"https:\/\/restaurant-terramare.de\/?page_id=1014#primaryimage"},"image":{"@id":"https:\/\/restaurant-terramare.de\/?page_id=1014#primaryimage"},"thumbnailUrl":"https:\/\/restaurant-terramare.de\/wp-content\/uploads\/2026\/01\/Fotolia_56104242_S.jpeg","datePublished":"2025-12-20T13:40:38+00:00","dateModified":"2026-01-25T17:29:22+00:00","breadcrumb":{"@id":"https:\/\/restaurant-terramare.de\/?page_id=1014#breadcrumb"},"inLanguage":"de","potentialAction":[{"@type":"ReadAction","target":["https:\/\/restaurant-terramare.de\/?page_id=1014"]}]},{"@type":"ImageObject","inLanguage":"de","@id":"https:\/\/restaurant-terramare.de\/?page_id=1014#primaryimage","url":"https:\/\/restaurant-terramare.de\/wp-content\/uploads\/2026\/01\/Fotolia_56104242_S.jpeg","contentUrl":"https:\/\/restaurant-terramare.de\/wp-content\/uploads\/2026\/01\/Fotolia_56104242_S.jpeg","width":640,"height":427,"caption":"Green olive branch and a spoon full of oil on the wooden table"},{"@type":"BreadcrumbList","@id":"https:\/\/restaurant-terramare.de\/?page_id=1014#breadcrumb","itemListElement":[{"@type":"ListItem","position":1,"name":"Home","item":"https:\/\/restaurant-terramare.de\/"},{"@type":"ListItem","position":2,"name":"Catering"}]},{"@type":"WebSite","@id":"https:\/\/restaurant-terramare.de\/#website","url":"https:\/\/restaurant-terramare.de\/","name":"","description":"Mediterrane K\u00fcche NEU","potentialAction":[{"@type":"SearchAction","target":{"@type":"EntryPoint","urlTemplate":"https:\/\/restaurant-terramare.de\/?s={search_term_string}"},"query-input":{"@type":"PropertyValueSpecification","valueRequired":true,"valueName":"search_term_string"}}],"inLanguage":"de"}]}},"featured_image_src":null,"featured_image_src_square":null,"_links":{"self":[{"href":"https:\/\/restaurant-terramare.de\/index.php?rest_route=\/wp\/v2\/pages\/1014","targetHints":{"allow":["GET"]}}],"collection":[{"href":"https:\/\/restaurant-terramare.de\/index.php?rest_route=\/wp\/v2\/pages"}],"about":[{"href":"https:\/\/restaurant-terramare.de\/index.php?rest_route=\/wp\/v2\/types\/page"}],"author":[{"embeddable":true,"href":"https:\/\/restaurant-terramare.de\/index.php?rest_route=\/wp\/v2\/users\/1"}],"replies":[{"embeddable":true,"href":"https:\/\/restaurant-terramare.de\/index.php?rest_route=%2Fwp%2Fv2%2Fcomments&post=1014"}],"version-history":[{"count":34,"href":"https:\/\/restaurant-terramare.de\/index.php?rest_route=\/wp\/v2\/pages\/1014\/revisions"}],"predecessor-version":[{"id":1476,"href":"https:\/\/restaurant-terramare.de\/index.php?rest_route=\/wp\/v2\/pages\/1014\/revisions\/1476"}],"wp:attachment":[{"href":"https:\/\/restaurant-terramare.de\/index.php?rest_route=%2Fwp%2Fv2%2Fmedia&parent=1014"}],"curies":[{"name":"wp","href":"https:\/\/api.w.org\/{rel}","templated":true}]}}